st common divisor of 4294 and 494.
38
Calculate the highest common divisor of 6 and 15.
3
What is the highest common factor of 770 and 280?
70
Calculate the greatest common factor of 18 and 882.
18
What is the highest common divisor of 24 and 2616?
24
What is the highest common factor of 15 and 576?
3
Calculate the greatest common divisor of 144 and 51.
3
What is the highest common divisor of 100 and 9950?
50
What is the greatest common factor of 9486 and 9?
9
Calculate the greatest common factor of 12 and 876.
12
Calculate the greatest common divisor of 1380 and 20.
20
What is the highest common divisor of 34 and 289?
17
Calculate the highest common factor of 214 and 3745.
107
What is the greatest common divisor of 54957 and 21?
21
Calculate the highest common factor of 2065 and 10.
5
Calculate the highest common divisor of 18904 and 17.
17
Calculate the greatest common factor of 4582 and 58.
58
What is the highest common divisor of 40 and 8?
8
Calculate the greatest common divisor of 9780 and 240.
60
Calculate the greatest common factor of 5771 and 29.
29
What is the highest common factor of 588 and 126?
42
Calculate the highest common factor of 22 and 10.
2
What is the greatest common factor of 8 and 452?
4
What is the greatest common divisor of 368 and 592?
16
Calculate the highest common divisor of 3681 and 9.
9
Calculate the highest common factor of 5369 and 182.
91
What is the highest common factor of 11 and 15?
1
What is the greatest common divisor of 5720 and 80?
40
What is the highest common factor of 559 and 387?
43
What is the greatest common divisor of 272 and 85136?
272
What is the highest common divisor of 26 and 14001?
13
Calculate the highest common divisor of 653 and 6.
1
Calculate the greatest common divisor of 3938 and 22.
22
Calculate the highest common factor of 126 and 2982.
42
What is the highest common divisor of 26 and 4?
2
Calculate the highest common divisor of 376 and 47.
47
What is the greatest common factor of 37 and 111?
37
Calculate the greatest common divisor of 21 and 1939.
7
Calculate the highest common factor of 288 and 360.
72
Calculate the highest common divisor of 1164 and 6.
6
What is the greatest common factor of 39 and 9?
3
What is the highest common factor of 504 and 90?
18
Calculate the greatest common factor of 176 and 16.
16
Calculate the highest common divisor of 14 and 98.
14
Calculate the highest common divisor of 9 and 159.
3
Calculate the greatest common factor of 437 and 57.
19
What is the greatest common divisor of 17 and 65977?
17
Calculate the greatest common divisor of 284 and 2485.
71
Calculate the highest common factor of 16110 and 716.
358
Calculate the highest common divisor of 25 and 570.
5
What is the highest common divisor of 128 and 5056?
64
What is the greatest common factor of 2520 and 63?
63
Calculate the highest common factor of 324 and 1440.
36
Calculate the highest common divisor of 5567 and 19.
19
Calculate the greatest common divisor of 184 and 92.
92
What is the highest common factor of 198 and 36?
18
What is the highest common divisor of 28 and 42?
14
Calculate the highest common factor of 170 and 10115.
85
What is the greatest common factor of 13 and 377?
13
Calculate the greatest common factor of 168 and 312.
24
What is the greatest common divisor of 169 and 35659?
169
Calculate the highest common factor of 110 and 1650.
110
What is the greatest common divisor of 716 and 18974?
358
What is the greatest common factor of 528 and 48?
48
Calculate the greatest common factor of 7 and 101.
1
Calculate the greatest common divisor of 248 and 434.
62
What is the highest common divisor of 508 and 14986?
254
What is the highest common divisor of 20 and 340?
20
What is the greatest common factor of 242 and 572?
22
What is the greatest common factor of 35 and 1120?
35
What is the greatest common factor of 55 and 62095?
55
What is the greatest common factor of 15 and 8640?
15
What is the greatest common divisor of 2 and 1558?
2
Calculate the greatest common factor of 12 and 36.
12
Calculate the highest common divisor of 200 and 70.
10
What is the greatest common divisor of 136 and 153?
17
Calculate the highest common factor of 293 and 61823.
293
What is the greatest common divisor of 60 and 165?
15
Calculate the highest common divisor of 27 and 1749.
3
Calculate the greatest common factor of 5 and 365.
5
Calculate the highest common divisor of 14 and 1134.
14
What is the highest common divisor of 88 and 187?
11
Calculate the highest common divisor of 450 and 1.
1
What is the greatest common factor of 25 and 3150?
25
What is the greatest common factor of 188770 and 430?
430
Calculate the greatest common factor of 2 and 5.
1
Calculate the highest common divisor of 24 and 720.
24
Calculate the greatest common factor of 20 and 3260.
20
Calculate the highest common divisor of 1202 and 2.
2
Calculate the highest common divisor of 14596 and 267.
89
What is the greatest common factor of 75 and 585?
15
What is the highest common factor of 49 and 14?
7
Calculate the highest common divisor of 77 and 3.
1
Calculate the highest common divisor of 2035 and 925.
185
What is the highest common factor of 12825 and 27?
27
What is the highest common factor of 21216 and 24?
24
What is the greatest common divisor of 2676 and 216?
12
Calculate the highest common factor of 215 and 301.
43
What is the greatest common factor of 2 and 94?
2
Calculate the greatest common divisor of 29 and 551.
29
Calculate the greatest common divisor of 4893 and 233.
233
What is the greatest common factor of 250 and 20?
10
Calculate the highest common factor of 7 and 49.
7
Calculate the highest common factor of 49 and 441.
49
What is the greatest common factor of 26038 and 188?
94
What is the highest common factor of 825 and 1320?
165
Calculate the highest common factor of 2482 and 153.
17
Calculate the highest common factor of 132 and 143.
11
Calculate the greatest common divisor of 621 and 46.
23
What is the highest common factor of 260 and 220?
20
Calculate the highest common divisor of 1615 and 380.
95
What is the highest common factor of 8664 and 72?
24
What is the greatest common factor of 102 and 136?
34
Calculate the highest common divisor of 2868 and 12.
12
Calculate the greatest common divisor of 6439 and 137.
137
Calculate the greatest common factor of 192 and 36.
12
What is the greatest common divisor of 42 and 54?
6
What is the greatest common factor of 3968 and 31?
31
Calculate the greatest common divisor of 111 and 296.
37
What is the highest common factor of 158 and 64?
2
What is the greatest common divisor of 9 and 69?
3
What is the highest common divisor of 10 and 3120?
10
Calculate the highest common factor of 11896 and 8.
8
What is the greatest common factor of 51 and 3876?
51
Calculate the highest common divisor of 54 and 3366.
18
Calculate the greatest common factor of 22190 and 56.
14
Calculate the highest common factor of 424 and 39644.
212
Calculate the highest common divisor of 351 and 54.
27
Calculate the highest common divisor of 9 and 1125.
9
Calculate the highest common divisor of 22 and 202.
2
Calculate the highest common factor of 5053 and 31.
31
Calculate the greatest common factor of 112 and 144.
16
Calculate the highest common divisor of 1 and 23.
1
What is the greatest common factor of 192 and 1356?
12
Calculate the highest common factor of 8130 and 60.
30
Calculate the greatest common divisor of 432 and 891.
27
What is the greatest common factor of 58 and 551?
29
What is the greatest common divisor of 5341 and 49?
49
What is the greatest common factor of 14 and 1?
1
What is the greatest common factor of 664 and 3569?
83
Calculate the highest common divisor of 117 and 156.
39
What is the greatest common factor of 180 and 90?
90
Calculate the highest common factor of 240 and 750.
30
What is the greatest common divisor of 55 and 14366?
11
Calculate the highest common factor of 21 and 462.
21
What is the greatest common factor of 72 and 1368?
72
What is the highest common factor of 252 and 28?
28
Calculate the greatest common factor of 340 and 119.
17
What is the greatest common factor of 8160 and 6?
6
Calculate the greatest common factor of 102 and 78.
6
What is the greatest common facto